r + 79, z - 109 = -r - 3*r. List the prime factors of r.
2, 13
Let v = -8 + 120. What are the prime factors of v?
2, 7
Let x = -1 + -2. Let u be (-3 - (2 - 10))*x. List the prime factors of (-250)/u + 2/6.
17
Let r be (-74)/(-14) + (-2)/7. Suppose o - 3*o + 86 = 0. Suppose -r*w + o - 3 = 0. What are the prime factors of w?
2
Let s be 2/(-4) - 31/2. What are the prime factors of -1 + s/(-2*1)?
7
Let z(m) = -m**3 + 6*m**2 + 8*m - 8. Let f be z(7). Let l(b) be the second derivative of -b**3 - 11*b. List the prime factors of l(f).
2, 3
Let b = -119 - -211. Suppose 0 = 5*t - 3*p - b, -4*t = -3*p - 28 - 48. List the prime factors of t.
2
Let v(n) = -3*n - 2. Let i = 50 - 26. Let z be -15*(3 - i/9). List the prime factors of v(z).
13
List the prime factors of 5/(3 - 2)*104/5.
2, 13
Let x(l) = -l**3 - 12*l**2 - 12*l - 5. Let u be x(-11). Let m = u - 0. List the prime factors of m.
2, 3
Suppose -960 = -0*o - 6*o. What are the prime factors of o?
2, 5
Let h(a) = 9*a**2 - 2*a - 1. Suppose -3*o + j + 3*j = -1, o - 1 = 2*j. List the prime factors of h(o).
2, 5
Let a = 1 + 1. Suppose b - a = -1. List the prime factors of -1 - -12 - (b + 0).
2, 5
Let u = 16 - 3. What are the prime factors of u?
13
Suppose 0*a - 2*d + 188 = 4*a, -5*a = d - 232. List the prime factors of a.
2, 23
Let k(p) = 2*p**2 - 7*p - 2. What are the prime factors of k(5)?
13
Suppose 0 = 2*t - 5*c + c - 286, 0 = 4*t + 4*c - 596. List the prime factors of t.
3, 7
Suppose d + 2*d + 4*g - 249 = 0, 5*d - 392 = g. What are the prime factors of d?
79
Suppose -4*l + 21 = -j, 3*l + 6 + 2 = -4*j. Suppose 2*q - 2*p + 4 = -0, -5*q + 3*p = 2. Let u = l - q. What are the prime factors of u?
2
Let t(c) = 6*c - 3. Let d(x) = -3*x + 1. Let a(s) = 5*d(s) + 3*t(s). What are the prime factors of a(7)?
17
Let r(a) = 2. Let s(q) = -1. Let u(z) = -r(z) - 4*s(z). Let l(n) = n - 7. Let m(v) = 2*l(v) + 6*u(v). List the prime factors of m(4).
2, 3
Suppose 0*u + u - 5 = -3*x, -4*x + 8 = 2*u. Suppose 4*j - 62 = u. List the prime factors of j.
2
Let q(y) = y**2 + 2*y - 1. Let m be q(-3). List the prime factors of (-1)/(2*m/(-12)).
3
Let s(n) = n**3 - 2*n. Let z be s(-2). Let u(t) = -t**3 - 2*t**2 + 4*t + 2. List the prime factors of u(z).
2, 3
Suppose 0 = 4*b - 5*b + 4. Suppose 3 = 3*h - 6. Suppose 0*a + b*y - 20 = -4*a, -4*a - h*y + 20 = 0. What are the prime factors of a?
5
Let o(r) = -20*r. What are the prime factors of o(-4)?
2, 5
Let t be (-3)/(5*-3)*5. Suppose 3*f = 16 - t. List the prime factors of f.
5
Let q(m) = m**2 + 6. List the prime factors of q(9).
3, 29
What are the prime factors of 6/(-27) + (-472)/(-18)?
2, 13
Let k(j) = 13*j + 1. Let v(m) = 12*m. Let d(o) = -5*k(o) + 6*v(o). What are the prime factors of d(5)?
2, 3, 5
Suppose -r + 231 = 2*r + 3*s, 4*r - s - 293 = 0. What are the prime factors of r?
2, 37
Suppose 4*m = -4*q + 32, -2 = -4*q + 6*q. Let x = m - 1. List the prime factors of x.
2
Suppose -3*l - 83 = -s, 2*l = 4*l + 5*s + 27. Let t = 36 + l. List the prime factors of t.
2, 5
Let p = 13 + 10. Suppose 4*h - 2*d + 16 = 0, 1 + 3 = -h + 5*d. Let t = p + h. What are the prime factors of t?
19
Let b = 13 - 8. Let f(y) = 11*y - 10. Let u(n) = 5*n - 5. Let t(k) = -2*f(k) + 5*u(k). List the prime factors of t(b).
2, 5
Let g be (24/(-15))/((-2)/20). Suppose -g = -r + 17. List the prime factors of r.
3, 11
Suppose -2*y + 6 = -0. Suppose -2*c - 2*a = -44, a = -2*c - y*a + 46. What are the prime factors of c?
3, 7
Let t be 1/(-5) + 57/(-15). What are the prime factors of ((-2)/6)/(t/72)?
2, 3
Let w be (84/35)/(1/5). Let y = -8 + w. List the prime factors of y.
2
Suppose 2*a = 3*a - 11. List the prime factors of a.
11
Let p(z) = 6*z**2 + 8*z + 11. Let j(i) = 5*i**2 + 7*i + 10. Let l(y) = -5*j(y) + 4*p(y). Let s be l(-4). What are the prime factors of (4/s)/((-1)/20)?
2
Let w(i) = -i**3 - i**2 + 5*i - 2. What are the prime factors of w(-4)?
2, 13
Let n(z) = z**3 + 8*z**2 + 8*z + 10. Let i be n(-7). Let w(c) = c**2 - 7*c. Let t be w(i). Let u = 19 + t. List the prime factors of u.
7
Let a(x) = -x - 2. Let h be a(-4). Suppose i - h = 3. Let l = -3 + i. What are the prime factors of l?
2
Let d = 111 - 74. List the prime factors of d.
37
Let y(n) be the third derivative of -5*n**4/6 - n**3/6 + 4*n**2. What are the prime factors of y(-1)?
19
Let b = -4 + -1. Let u be (3/1 - 6) + 1. Let s = u - b. What are the prime factors of s?
3
Suppose 3*c = -5*i + 545, i - 547 = -3*c - 3*i. What are the prime factors of c?
5, 37
Let y be ((-2)/4)/(2/(-52)). Let o(s) = s**2 + 2*s - 2. Let p be o(-2). Let u = y + p. List the prime factors of u.
11
Suppose -a + 4 = 3*a. Let q be 0 - -2 - a - 19. List the prime factors of (-2)/6*q/2.
3
Let x be 2/(-6) - 52/(-12). What are the prime factors of 2/(((-16)/(-22))/x)?
11
Let i be (-6 - 20)/(-2 - -1). What are the prime factors of i + (3 - (-1 + 1))?
29
Let p(m) = -m - 2. Let h be p(-4). Suppose 2 = w - h. List the prime factors of w.
2
Let f = -1 - -4. Let u(o) = 4*o**2 - o. Let q be u(-1). Let d = q + f. List the prime factors of d.
2
Let j(b) = -2*b + 9. Let v be j(5). Let q(n) = n**2 - n. List the prime factors of q(v).
2
Let w be 22/(-55) + (-34)/(-10). Let l = -4 - -7. Suppose -w*i + 9 - 30 = -l*d, d + 3*i - 3 = 0. What are the prime factors of d?
2, 3
Let t = -5 + 6. What are the prime factors of (-90)/(-4) + t/2?
23
Let a(s) = s. Let d(z) = 10*z. Let c(h) = -12*a(h) + d(h). List the prime factors of c(-1).
2
Suppose -n - b = -59, 0 = 2*n + 3*n - 5*b - 325. Suppose -5*k = -4*k - n. List the prime factors of 2/3 - k/(-6).
11
Let n(l) = 3*l + 0 - 6*l - 2 + l**2. Let j be n(-3). Suppose j = -s + 3*s. What are the prime factors of s?
2
Let u = -5 + 15. What are the prime factors of u?
2, 5
Suppose u + 3*a + 2 = 0, -4*u - a + 2*a + 18 = 0. Suppose -z - u*z = -10. List the prime factors of 29/2 - 1/z.
2, 7
Suppose 3*y + 4 = -y. Let z be y + (-2 - 49)/(-3). Suppose j - 16 = -j + 4*u, -z = -5*j + 2*u. What are the prime factors of j?
2
Let n(h) = h**3 - 5*h**2 + h + 1. Let g be n(5). Suppose -4*y + 46 = g. List the prime factors of y.
2, 5
Suppose -6*t + o + 368 = -4*t, 3*t - 553 = 2*o. List the prime factors of t.
3, 61
List the prime factors of ((-4)/16)/((-2)/392).
7
List the prime factors of (-10)/3*(-27)/6.
3, 5
Let u = -32 - -59. List the prime factors of u.
3
Suppose 2 = -s - 2. Let c(a) = -9*a + 12*a - 7*a - 1. List the prime factors of c(s).
3, 5
Let h(j) = j**2 + 7. Let z be h(0). Let d be (-8)/(-28) + 33/z. Suppose -d = -y + 7. What are the prime factors of y?
2, 3
Let m be 1/(2 + -3) + -3. What are the prime factors of (22/(-3))/(m/6)?
11
Suppose 408 = 4*q + 3*c, -4*c - 43 = -q + 78. List the prime factors of q.
3, 5, 7
Let p be 1/(-3) - (-1158)/18. Suppose 16 = 4*j + p. Let w(t) = -t**2 - 11*t + 15. List the prime factors of w(j).
3
What are the prime factors of 3 + 0 - 1 - -168?
2, 5, 17
Suppose -5*y - 4*p = -2*y - 145, -3*y = -5*p - 136. List the prime factors of y.
47
Let q(p) = 98*p**2 + p + 1. Let g be q(-1). Let c be (-3)/15 + g/(-10). Let i = c - -23. List the prime factors of i.
13
Let l(x) = 9*x**3 + 4*x**2 + x - 2. Let g be l(-2). Let k be g/8*(-32)/6. Suppose 5*s - 3*a - 42 = 0, -3*a - a = 4*s - k. What are the prime factors of s?
3
Let k be 1 + 19 + -3 + 1. Let g = k - 11. What are the prime factors of g?
7
Let j(c) = -c - 9. Let k(m) = 2*m + 7. Let z be k(-8). Let s be j(z). Suppose -2*d = 5*w - 35, -4*w - 4*d + 2*d + 30 = s. List the prime factors of w.
5
Let v = 20 + 7. What are the prime factors of v?
3
Let l = 520 + -282. What are the prime factors of l?
2, 7, 17
Let y(o) = -o**3 - 5*o**2 - 4*o + 4. Let d be y(-4). Suppose -d*p = -2*p. What are the prime factors of (p + 9)/(3/2)?
2, 3
Suppose -4*i - 12 = 0, 18 = v - 3*i - i. Suppose 0 = 2*b + b - v. Suppose -4 - b = -3*k. What are the prime factors of k?
2
Let h(n) = n**3 + 12. Let k be h(0). Let x = 31 - k. What are the prime factors of x?
19
Let n(m) = 2*m - 3. Let z = -18 - -50. Suppose 0*p - 4*p = -z. List the prime factors of n(p).
13
Suppose 3*o - 1160 = -5*k, -o + 2*o = -5*k + 1170. List the prime factors of k.
5, 47
Let j be 0 + -1 + (8 - -1). Suppose j*z - 5*z - 66 = 0. List the prime factors of z.
2, 11
Let g = -11 - -14. List the prime factors of g.
3
Suppose -3 + 15 = 4*s. Suppose -3*l = 